03089.
7, 641, 647
What are the prime factors of 1438486?
2, 7, 37, 2777
What are the prime factors of 739598?
2, 31, 79, 151
List the prime factors of 21277921.
7, 23, 283, 467
What are the prime factors of 2589814?
2, 17, 19, 211
What are the prime factors of 512362?
2, 256181
What are the prime factors of 3022118?
2, 11, 137369
What are the prime factors of 7358?
2, 13, 283
What are the prime factors of 10094754?
2, 3, 47, 35797
What are the prime factors of 3728177?
3728177
List the prime factors of 2406929.
7, 49121
What are the prime factors of 675864?
2, 3, 7, 149
List the prime factors of 14602025.
5, 584081
What are the prime factors of 202742?
2, 17, 67, 89
List the prime factors of 20093102.
2, 107, 93893
List the prime factors of 418350.
2, 3, 5, 2789
What are the prime factors of 123521?
149, 829
List the prime factors of 176885.
5, 17, 2081
List the prime factors of 83730.
2, 3, 5, 2791
What are the prime factors of 12434197?
12434197
List the prime factors of 1262709.
3, 7, 17, 131
List the prime factors of 1796.
2, 449
List the prime factors of 1029044.
2, 17, 37, 409
List the prime factors of 485708.
2, 31, 3917
What are the prime factors of 28225?
5, 1129
What are the prime factors of 1145819?
29, 39511
What are the prime factors of 1541779?
1541779
What are the prime factors of 7069155?
3, 5, 471277
What are the prime factors of 434328?
2, 3, 18097
List the prime factors of 7788.
2, 3, 11, 59
What are the prime factors of 115306?
2, 57653
List the prime factors of 72905.
5, 7, 2083
What are the prime factors of 130005?
3, 5, 107
What are the prime factors of 177235?
5, 35447
What are the prime factors of 15349207?
19, 29, 89, 313
List the prime factors of 191211.
3, 63737
List the prime factors of 60869.
60869
What are the prime factors of 303512?
2, 11, 3449
List the prime factors of 5202867.
3, 17, 353
List the prime factors of 1654906.
2, 11, 75223
List the prime factors of 436753.
19, 127, 181
List the prime factors of 2260855.
5, 452171
List the prime factors of 2226888.
2, 3, 157, 197
What are the prime factors of 318108?
2, 3, 7, 541
What are the prime factors of 186671?
186671
What are the prime factors of 1264665?
3, 5, 59, 1429
What are the prime factors of 147175?
5, 7, 29
What are the prime factors of 561062?
2, 23, 12197
List the prime factors of 9008583.
3, 3002861
What are the prime factors of 1908242?
2, 7, 136303
List the prime factors of 592724.
2, 11, 19, 709
What are the prime factors of 282919?
7, 13, 3109
List the prime factors of 46960.
2, 5, 587
What are the prime factors of 246537?
3, 23, 397
What are the prime factors of 13261292?
2, 11, 17, 17729
What are the prime factors of 9961189?
7, 79, 18013
What are the prime factors of 883712?
2, 863
What are the prime factors of 104766?
2, 3, 19, 919
List the prime factors of 26892.
2, 3, 83
What are the prime factors of 255130?
2, 5, 31, 823
What are the prime factors of 290891?
461, 631
List the prime factors of 801548.
2, 11, 18217
What are the prime factors of 1293347?
11, 117577
What are the prime factors of 93812?
2, 47, 499
What are the prime factors of 7723057?
509, 15173
What are the prime factors of 4928720?
2, 5, 61609
What are the prime factors of 5905026?
2, 3, 251, 1307
What are the prime factors of 637667?
127, 5021
What are the prime factors of 13852329?
3, 1721, 2683
What are the prime factors of 335485?
5, 229, 293
What are the prime factors of 752798?
2, 376399
What are the prime factors of 372301?
23, 16187
List the prime factors of 269508.
2, 3, 37, 607
What are the prime factors of 3499717?
13, 269209
What are the prime factors of 159210?
2, 3, 5, 29, 61
List the prime factors of 347732.
2, 7, 11, 1129
List the prime factors of 9763870.
2, 5, 193, 5059
What are the prime factors of 17523169?
1301, 13469
List the prime factors of 567166.
2, 283583
List the prime factors of 1183370.
2, 5, 17, 6961
What are the prime factors of 658802?
2, 329401
List the prime factors of 304084.
2, 11, 6911
List the prime factors of 20796045.
3, 5, 29, 47807
What are the prime factors of 22940?
2, 5, 31, 37
What are the prime factors of 1259806?
2, 629903
What are the prime factors of 201562?
2, 31, 3251
What are the prime factors of 11946900?
2, 3, 5, 7, 5689
What are the prime factors of 271766?
2, 11, 1123
What are the prime factors of 12207776?
2, 7, 54499
What are the prime factors of 7254344?
2, 906793
List the prime factors of 8475603.
3, 257, 10993
What are the prime factors of 210141?
3, 43, 181
List the prime factors of 5524055.
5, 1104811
List the prime factors of 173097.
3, 2137
What are the prime factors of 120609?
3, 1489
What are the prime factors of 1719592?
2, 7, 30707
List the prime factors of 40696161.
3, 11, 151, 8167
List the prime factors of 209649.
3, 11, 6353
List the prime factors of 1002165.
3, 5, 71, 941
List the prime factors of 333863.
17, 41, 479
What are the prime factors of 30296491?
30296491
List the prime factors of 475286.
2, 7, 17, 1997
What are the prime factors of 4919475?
3, 5, 11, 67, 89
What are the prime factors of 361644?
2, 3, 30137
List the prime factors of 1393361.
1393361
What are the prime factors of 295405?
5, 11, 41, 131
What are the prime factors of 19612158?
2, 3, 3268693
List the prime factors of 394499.
7, 83, 97
What are the prime factors of 370870?
2, 5, 37087
What are the prime factors of 17210981?
853, 20177
List the prime factors of 784858.
2, 31, 12659
What are the prime factors of 2575774?
2, 1287887
What are the prime factors of 4731480?
2, 3, 5, 13, 337
What are the prime factors of 216130?
2, 5, 21613
List the prime factors of 1870508.
2, 467627
What are the prime factors of 228186?
2, 3, 7, 1811
List the prime factors of 4705999.
251, 18749
What are the prime factors of 5480109?
3, 202967
List the prime factors of 1019421.
3, 13, 8713
List the prime factors of 18122.
2, 13, 17, 41
What are the prime factors of 523750?
2, 5, 419
List the prime factors of 2633098.
2, 13, 101273
List the prime factors of 2627440.
2, 5, 32843
List the prime factors of 213218.
2, 19, 31, 181
What are the prime factors of 253862?
2, 7, 18133
What are the prime factors of 6333208?
2, 7, 113093
List the prime factors of 4648620.
2, 3, 5, 77477
What are the prime factors of 84165?
3, 5, 31, 181
What are the prime factors of 739538?
2, 197, 1877
List the prime factors of 3194161.
3194161
List the prime factors of 12718408.
2, 479, 3319
List the prime factors of 26773.
41, 653
What are the prime factors of 138058?
2, 69029
What are the prime factors of 132377?
7, 18911
List the prime factors of 799859.
799859
What are the prime factors of 87368?
2, 67, 163
What are the prime factors of 11775201?
3, 593, 6619
What are the prime factors of 13710764?
2, 3427691
List the prime factors of 1749177.
3, 194353
List the prime factors of 163874.
2, 81937
List the prime factors of 165290.
2, 5, 16529
List the prime factors of 904367.
127, 7121
List the prime factors of 7930904.
2, 19, 52177
What are the prime factors of 28261032?
2, 3, 1177543
What are the prime factors of 257422?
2, 11, 11701
What are the prime factors of 322377?
3, 11, 9769
What are the prime factors of 876188?
2, 317, 691
What are the prime factors of 13594665?
3, 5, 7, 43, 3011
List the prime factors of 198475.
5, 17, 467
List the prime factors of 7751608.
2, 293, 3307
What are the prime factors of 8998?
2, 11, 409
What are the prime factors of 672948?
2, 3, 31, 67
What are the prime factors of 1842881?
277, 6653
List the prime factors of 97813.
97813
What are the prime factors of 248038?
2, 7, 2531
What are the prime factors of 403676?
2, 7, 13, 1109
What are the prime factors of 450406?
2, 11, 59, 347
List the prime factors of 559499.
239, 2341
List the prime factors of 265780.
2, 5, 97, 137
What are the prime factors of 2372354?
2, 73, 16249
List the prime factors of 5549860.
2, 5, 277493
What are the prime factors of 386810?
2, 5, 47, 823
List the prime factors of 125736.
2, 3, 13, 31
What are the prime factors of 4383613?
13, 337201
What are the prime factors of 54801?
3, 6089
List the prime factors of 3081191.
41, 223, 337
What are the prime factors of 13648771?
67, 203713
What are the prime factors of 1198087?
11, 108917
What are the prime factor